y. Let i be o(n). Determine u(i).
-7
Let p = 1 + -2. Let y(m) be the second derivative of m**6/240 + m**5/120 - m**4/6 + m. Let c(t) be the third derivative of y(t). Calculate c(p).
-2
Let b(s) = s**3 + 5*s**2 - 2*s - 1. Let p(m) = m**2 - 12*m + 22. Let c be p(9). Determine b(c).
9
Let s(h) = h**3 - h**2 + 1. Let w(p) be the third derivative of -p**6/40 + p**5/12 + p**4/8 - p**3/2 + 5*p**2. Let j(z) = 4*s(z) + w(z). Give j(-2).
-9
Let q(v) = -2 + 3 + 0 + 2*v - 3. Give q(-5).
-12
Let b(m) = -11*m**2 + 1. Suppose -4 = -5*u + 6. Let n = 3 - u. Determine b(n).
-10
Let n(o) = 3*o**2 - 7*o - 2 + o**2 + 0*o**2 - 3*o**2. Give n(4).
-14
Let d(j) = -j**2 - 5*j - 4. Let n be -14*1 - 4/(-4). Let k = n + 8. Give d(k).
-4
Let g(n) = -n**3 - 6*n**2 - 3*n + 6. Suppose 0 = d + 4 + 1. Calculate g(d).
-4
Let m(x) = x - 4. Let g = 46 - 39. Determine m(g).
3
Let m = -27 + 11. Let x be m/(-10) - (-8)/20. Let c(d) = x*d**2 + 2*d**2 - 2 + 10*d - 5*d**2 - 4*d. Determine c(4).
6
Let h(v) = -v**2 + 7*v - 8. Suppose 5*s = 116 - 86. What is h(s)?
-2
Let a(m) = 2 - 2*m**2 - 4*m**3 + 3*m**3 + 99*m - 95*m. Determine a(-3).
-1
Let l(i) = -9 + 12 - 2 - 3*i. Calculate l(4).
-11
Suppose 5*s - 90 = 2*s. Let p be (-1)/3 + s/9. Let q(u) = u**3 - 6*u**2 + 2 + 4*u + 3*u - p*u. Give q(5).
-3
Let d(l) = 0*l**3 + 2*l**2 - 12*l + 8*l - 2 + l**3. What is d(-3)?
1
Let i(c) = 2*c - 1. Let v(l) = l. Let n(k) = -i(k) - v(k). What is n(2)?
-5
Let g(o) be the first derivative of -o**4/4 - 4*o**3/3 - 5*o**2/2 - 3*o + 33. What is g(-3)?
3
Let g(s) be the third derivative of -s**4/24 - 5*s**3/6 - s**2. Let r be g(0). Let j = 0 - r. Let y(q) = -2*q + 1. Determine y(j).
-9
Let t(k) = 2*k - 1. Let p(n) be the first derivative of -n**2/2 - 1. Let l(o) = -14*p(o) - 6*t(o). Suppose 0 = b - 4*y + 16, 2*y + 2*y + 8 = -5*b. What is l(b)?
-2
Let d(t) = -t**2 - 6*t + 5. Suppose 3*j - 3 = -2*h - 1, 0 = 3*h + 5*j - 5. What is d(h)?
10
Let d(y) = 4*y**3 - 4. Let k(b) = 9*b**3 - 9. Let g(w) = 7*d(w) - 3*k(w). Determine g(-2).
-9
Let y(r) be the second derivative of -r**7/840 - r**6/120 - r**4/12 + r**3/6 - 2*r. Let l(m) be the second derivative of y(m). Let j = 4 + -6. Determine l(j).
-6
Let n be -2 - (0/(-2) - -2). Let b = n - -8. Let p(u) = u**2 - 4*u. Calculate p(b).
0
Let c(o) = 2*o**2 + 5*o + 2. Suppose 24 = -3*y - y. Let m be 4/(-18) + 29/9. Let d = m + y. Give c(d).
5
Let l(g) = -3 - 3*g**2 + 0*g + 2*g + 2 - g**2. Give l(1).
-3
Let m(r) = r**2 + 4*r - 2. Let d = 5 - 8. Give m(d).
-5
Let l(c) = -c**2 - 5*c + 7. Let f be l(-6). Let s be (4 - 6)*(f - 0). Let d(v) = 2*v**3 + 3*v**2 + v. Give d(s).
-6
Let p(x) be the third derivative of x**4/12 - x**2. Let v(u) = -u**2 - 9*u - 9. Let i be v(-8). Let y be (i*1)/(-6 + 5). What is p(y)?
2
Let o(u) be the second derivative of -u**5/20 + u**4/2 - 5*u**3/6 - 5*u**2/2 - 17*u. Determine o(5).
-5
Let n(y) = -y**3 - 6*y**2 + y + 6. Suppose -2*o + o + 5*c - 11 = 0, 4*o - 3*c = -27. Determine n(o).
0
Let h(y) = -2*y**2 + 2*y - 3. Let s(o) = 3*o**2 - 4*o + 5. Let d(u) = u**3 - 6*u**2 + 5*u + 5. Let v be d(5). Let c(n) = v*h(n) + 3*s(n). What is c(-3)?
-3
Suppose -l - 2 - 1 = 0. Let q(i) be the second derivative of -i**5/20 - i**4/4 - i**3/3 + i**2/2 + 4*i. Determine q(l).
7
Let p be (-8)/(-6) + 2/3. Let r be -1*p*(-15)/5. Let j(u) = -2*u**3 + 7 - 3*u**3 - u**2 + 4*u**3 + r*u**2. Determine j(5).
7
Let u(p) be the third derivative of 0 + 3*p**2 - 1/6*p**3 + 0*p. Let c(b) = b**2 - 2*b - 7. Let v(r) = -2*c(r) + 14*u(r). Determine v(3).
-6
Let x(f) be the second derivative of f**4/12 - 7*f**3/6 + 2*f**2 + 3*f. Calculate x(7).
4
Let t(w) be the third derivative of 5*w**4/8 - w**3/6 - 5*w**2. Determine t(1).
14
Let l be (-32)/(-2) - (13 + -13). Suppose 6*z = 2*z - l. Let m(f) = -f**2 - 2*f - 4. What is m(z)?
-12
Let s = 69 + -69. Let z(q) = -q**3 - q**2 - 3. Determine z(s).
-3
Let t(m) be the first derivative of m**2/2 + 3*m - 3. What is t(-5)?
-2
Let f(i) be the first derivative of 3*i**2/2 + 3*i + 21. Determine f(4).
15
Suppose 0 = -5*k - m - 27, -4*m = -k - 7*m - 11. Let p(n) = n**2 + 3*n - 5. Determine p(k).
5
Let x(l) = -l**2 + 8*l - 5. Suppose 3*s = 3*i + 27, 0*i - 2*i = -3*s + 25. What is x(s)?
2
Suppose -4*t + 9*t = 45. Let n(z) = -13 + z + t - 5*z. Let o(l) = -3*l - 4. Let w(q) = -5*n(q) + 6*o(q). What is w(3)?
2
Let z(i) = -i**3 - 5*i**2 - i - 2. Let l be z(-5). Suppose 5*j = -4 + 19. Let d(o) = l*o**j + o**2 + o**3 - o - 5*o**3. Calculate d(2).
-6
Suppose 3*n + 32 - 5 = 0. Let u(z) = z**2 + 8*z + 3. Let h(a) = 4*a**2 + 33*a + 11. Let d be 2 - (2 - 1 - 1). Let r(x) = d*h(x) + n*u(x). Calculate r(-4).
3
Let b(g) = g**3 + 6*g**2 + 10*g + 3. Let h be 4*((-10)/(-4) + -3). Let c(q) = -q + 1. Let o(i) = h*c(i) - b(i). What is o(-5)?
10
Let m(x) = 6*x**2 - x**2 - 1 - x - 7*x**2 - 1. Calculate m(2).
-12
Let m(f) = -4 + 3*f + 0*f + 2*f. Give m(3).
11
Let b(o) be the second derivative of -o**8/6720 - o**7/840 + o**6/180 + o**5/60 + o**4/2 + 2*o. Let p(j) be the third derivative of b(j). Give p(-4).
2
Suppose -3*n = -4*m + 6, m - 3 = 4*n - 8. Let z(a) = a**3 - 3*a + 4*a**n - 10 + 2 + 8. What is z(-5)?
-10
Let p(l) = -l**3 + 2*l**2 - 3*l + 1. Let b(q) = -q**3 - q**2 + q - 1. Let s(g) = -2*b(g) + p(g). Determine s(-5).
3
Let v(k) = -4*k + 5. Suppose 3*w = 5*c + 2*w + 24, -25 = 4*c + 5*w. Determine v(c).
25
Let o(s) = -2*s**3 - 2*s + 1. Let c(a) = -a**3 - a + 2. Let y(g) = -3*c(g) + 2*o(g). Determine y(0).
-4
Let d(s) = -s**2 - 8*s + 5. Suppose -3*x - 34 = 5*m, -2*m - 37 = 4*x - 1. Give d(x).
5
Let d = -9 - -7. Let t(y) = -y**2 - 32 + y + 71 - 38. Calculate t(d).
-5
Let w be 56/20 + (-2)/(-10). Let s(d) = -3*d + 3*d - 2*d**2 - d**w + 1 + 1. What is s(-2)?
2
Let d(p) = -5*p + 1. Let n be d(1). Let g(z) be the second derivative of -1/12*z**4 + 2*z**2 - 2*z - 1/6*z**3 + 0. What is g(n)?
-8
Let j(t) = 2*t**2 - 6*t - t**3 + 5*t**2 + 4 + 0*t. Let q = -2 + 8. Calculate j(q).
4
Let z(y) = -11*y + 2. Let w(i) = 5*i - 1. Let p be 48/36*6/4. Let s(m) = p*z(m) + 5*w(m). Calculate s(1).
2
Let z(o) = -o. Let d be 276/42 + -7 + 45/7. Determine z(d).
-6
Let z(f) = -f. Let c(i) = i**2 + 7*i. Let p(j) = 3*c(j) + 21*z(j). Give p(1).
3
Let i = 10 + -10. Let m(z) = -z**2 + 2*z + i*z**2 - 4 - z + 2*z. Suppose 0 = -0*q + 3*q - 9. What is m(q)?
-4
Suppose 2*m = -m + 6. Let l(a) = -12*a - 6 - m + 13*a. What is l(5)?
-3
Suppose 0 = 5*s - 2*s. Let w = 0 + s. Let v(j) = 4 + j + 0 - 2 + 3. Give v(w).
5
Let v(r) = r**3 - 3*r**2 - 3*r - 3. Suppose 6 = -2*i + 2*z, 0 = 5*i - 2*z + 6. Suppose -g = g - 2*h - 18, i = 2*g + 5*h + 17. What is v(g)?
1
Suppose 5*v + 1 - 6 = 0. Let d be 64/(-20) + v/5. Let m(j) = -j + 3. What is m(d)?
6
Let h(d) = -2*d**3 + 9*d**2 - 20*d + 2. Let n(p) = p**3 - 4*p**2 + 9*p - 1. Let x(m) = 4*h(m) + 9*n(m). Determine x(1).
1
Suppose -3 = -5*y + 2. Let h(n) be the second derivative of -1/2*n**2 + 0 - n**3 + 7*n. What is h(y)?
-7
Let c(b) be the first derivative of b**2/2 + 2*b - 4. Give c(-3).
-1
Suppose -4*s + 3*m = -17, -5*s + 25 + 0 = -5*m. Suppose -c - c + 3*u = 8, -16 = s*c - 5*u. Let q(d) = 3*d. What is q(c)?
6
Suppose 42 - 36 = 2*b. Let x(f) be the second derivative of 0 - 1/3*f**b - f**2 - 4*f. Calculate x(-4).
6
Let p = -3 + 2. Let b(y) = -y + 2*y + 2*y**2 - 2*y. What is b(p)?
3
Let i(r) be the first derivative of r**3/3 - 9*r**2/2 - 2*r - 34. Calculate i(9).
-2
Let y = 0 + -5. Let t(n) = -2*n - 1. Determine t(y).
9
Let t(b) = -b**3 + 4*b**2 + 6*b + 1. Let r(x) be the second derivative of x**4/12 + x**2/2 - x. Let c be r(-2). Suppose -z + 0 = -c. What is t(z)?
6
Let q(i) = -i - 1. Let r(d) = -d + 3*d - d + 3*d - 1. Let j(n) = -3*q(n) - r(n). Give j(2).
2
Let i be -3*3/(2 - 11). Let p(j) be the second derivative of -1/2*j**2 - 1/4*j**4 + 0 + j + 1/3*j**3. What is p(i)?
-2
Suppose -11 = -4*t - 3. Suppose q + 5*l = 21, 0*l = 3*q + 2*l + t. Let j(b) = -b**2 - 4*b - 6. Determine j(q).
-6
Let a(u) = -u**3 + u**2 + u + 1. Let v(w) = -2*w + 20. Let d be v(9). Determine a(d).
-1
Let h be ((-1)/(-2) - -1)/((-2)/4). Let z(r) = r**3 + 4*r**2 + r + 1. Calculate z(h).
7
Suppose -4*y = -y - 9, 3*g - 2*y + 15 = 0. Let f(n) = -3*n + 1. Let o(v) = -11*v + 8. Let a(s) = 4*f(s) - o(s). What is a(g)?
-1
Let s(m) be the third derivative of 3*m**2 + 0 + 1/2*m**3 + 0*m - 1/60*m**5 + 5/24*m**4. What is s